(-2).
7
Suppose -t + 6*b = 2*b - 113, 0 = -3*b. Calculate the remainder when t is divided by 60.
53
Let g = 9 - 5. Suppose -6*w = -g*w - 4. What is the remainder when 29 is divided by 25/w*(-12)/(-15)?
9
Let y(t) = 2*t**2 + t**3 - 9*t + 4*t**2 + 9 + 0*t**3. Suppose 2*b + 24 = 4*b. What is the remainder when y(-7) is divided by b?
11
Suppose 7*q - 56 = 21. What is the remainder when 31 is divided by q?
9
Suppose 0 = 2*r - 5*r + 123. Calculate the remainder when r is divided by 11.
8
Let i(v) = -v + 10. Let n be i(7). Suppose 2*x + n*x = 100. What is the remainder when x is divided by 11?
9
What is the remainder when -1 - (1 - (28 + -4)) is divided by 13?
9
Calculate the remainder when 52 is divided by ((-1 - -4) + 9/(-6))*6.
7
Let h(l) = 2*l**2 - 4*l - 5. Let v be h(4). Let r = v - 3. Calculate the remainder when (-6)/(-9) + (-67)/(-3) is divided by r.
7
Let w = -7 - -7. Suppose -k - 3*n + 31 = w, -2*k + n + 44 = -18. Suppose 5*h = k + 59. What is the remainder when h is divided by 10?
8
Let s(z) = z - 1. Let t be s(3). Let l = 0 + t. Suppose -22 = -4*g - 10, -l*g - 4 = -d. What is the remainder when 28 is divided by d?
8
Let u = -2 - -7. Suppose 9 = 2*j - u. What is the remainder when 20 is divided by j?
6
Let o(w) = w**2 + w + 18. Let t(q) = q + 9. Let k be t(-9). Let g = 0 - k. What is the remainder when o(g) is divided by 10?
8
Suppose -3*f + 2*u = 4, -3*u + 12 = 2*f - 7. Suppose -7 = f*j - 2*l - 1, -18 = -2*j - 4*l. What is the remainder when j is divided by 1?
0
Suppose 9*f - 153 = -0*f. Suppose 2*d - 25 = -7. What is the remainder when f is divided by d?
8
Let i(l) = -3*l + 5. Let x(t) = -t**3 - 7*t**2 - 6*t - 4. Let w be x(-6). What is the remainder when i(w) is divided by 9?
8
Let c be 14/3*(-3)/(-2). Let g(r) = 2*r**2 - 7*r + 2. Calculate the remainder when g(c) is divided by 26.
25
Calculate the remainder when 190 is divided by 68 + 0 + (-12)/4.
60
Suppose -2*u + 40 = 2*u. Let s be (1 + 0)*(0 - -13). Let o = -7 + s. Calculate the remainder when u is divided by o.
4
Let z(j) = 3*j. Suppose 0*x + 5*x - 660 = 0. Suppose x = 5*g - 2*u, 2*u = g - u - 29. Calculate the remainder when g is divided by z(3).
8
Suppose -z - r = -70, -2*z - r + 346 = 3*z. Suppose 3*v - 36 = v. What is the remainder when z is divided by v?
15
Suppose -8*x + 286 = -26. What is the remainder when x is divided by 8?
7
Let l = -18 + 24. Suppose -4*o + 2*d + 42 = 0, -5*o - 2*d + 58 = 1. What is the remainder when o is divided by l?
5
Suppose 8*r - 3*r = -4*f + 25, 3*f - 15 = -3*r. Suppose -15 + r = -t. What is the remainder when 18 is divided by t?
8
Suppose 5*l - 49 = s - 5*s, -2*l = 3*s - 28. What is the remainder when s is divided by 2?
0
Let r(m) be the third derivative of -m**6/120 - m**5/15 - m**4/8 + 2*m**3/3 + 8*m**2. Suppose -3 = -h + 12. Calculate the remainder when r(-5) is divided by h.
14
Suppose -4*h - 4*u + 112 = -h, 4*h = 4*u + 196. Calculate the remainder when h is divided by 23.
21
Suppose 514 = 5*l + 4. Suppose -3*d - 54 = -3*y, -4*y - 2*d = -0*y - l. Calculate the remainder when 67 is divided by y.
21
Suppose 0*p = -3*p - 18. Let w(z) = -5*z + 4. Let v be w(p). Suppose 0 - 1 = l + 5*a, v = 4*l + a. Calculate the remainder when l is divided by 5.
4
Let a = -224 + 352. What is the remainder when a is divided by 26?
24
Let y(i) = -i**3 + 5*i**2 - i. Let m be y(4). Let f = m + -4. What is the remainder when 14 is divided by f?
6
Suppose 222 = w + 2*w. What is the remainder when w is divided by 25?
24
Let u be (-54)/(-10) + 2/(-5). Suppose -2*x = u*z - 32, -3*x + 8 = z - x. Suppose -t - 25 = -z*t. What is the remainder when 14 is divided by t?
4
Let c(b) = -b**3 + 8*b**2 + b - 1. What is the remainder when 12 is divided by c(8)?
5
Suppose 2*b = -2*b + 60. Suppose 0 = 3*u - 501 + 153. Suppose 0 = 2*v - 6*v + u. What is the remainder when v is divided by b?
14
Let f be 4/2 - (-124)/4. Let y = f + -7. Calculate the remainder when y is divided by 9.
8
Suppose 2*g = -g + 18. Calculate the remainder when (3/(-2))/(g/(-132)) is divided by 12.
9
Suppose 0 = -5*q - 8*q + 1339. Calculate the remainder when q is divided by 27.
22
Let p = -86 + 155. What is the remainder when p is divided by 24?
21
Suppose 349 = -5*z + 4*p, 2*p + 342 = -5*z - p. Calculate the remainder when 9 is divided by 6/(-21) + z/(-21).
0
Suppose 3*u + u = m + 79, 5*m = -3*u + 65. Let z = u - 8. Calculate the remainder when z is divided by 7.
5
Let m(f) = -8*f - 64. What is the remainder when m(-11) is divided by 7?
3
Let b(n) = n**3 + 2*n**2 - 4*n - 1. What is the remainder when 50 is divided by b(2)?
1
Let f = 78 + -2. Suppose -f = -4*k + 2*k. Calculate the remainder when k is divided by 13.
12
Let z(k) = k**2 + 5*k + 4. Let h be z(-4). Suppose -2*b + 4*m + 20 = h, 3*b - m = 4 + 41. Calculate the remainder when b is divided by 6.
4
Let u(d) = 12*d - 5. Calculate the remainder when u(4) is divided by 11.
10
Let c be 2*(2 + -11)/(-3). Let g be (c/4)/(15/40). Suppose -g - 29 = -f + 2*u, -2*f + u + 72 = 0. Calculate the remainder when f is divided by 13.
11
Suppose -4*l + 0*l + 92 = 0. Let i be ((-8)/6)/((-2)/63). Suppose 0 = -4*c + 6 + i. Calculate the remainder when l is divided by c.
11
Suppose -2*j + 29 + 9 = 0. What is the remainder when 148 is divided by j?
15
Let z = 11 - 7. Calculate the remainder when 11 is divided by z.
3
Suppose 0 = 2*l - 4*l + 4*b + 28, 5*l - 10 = -5*b. Let j = -115 - -138. What is the remainder when j is divided by l?
5
Suppose -t + 7 - 33 = 0. Let o = 30 + t. Suppose 2*d - 14 = 6. What is the remainder when d is divided by o?
2
Suppose 3 = 2*s - 3*m, -s - 3*m + 33 = s. What is the remainder when 17 is divided by s?
8
Let i = -2 + 2. Suppose 5*r = -i*r + 220. Let j(t) = 3*t - 9. Calculate the remainder when r is divided by j(8).
14
Let s(c) = 55*c + 3. Let y be s(-3). Let k = -22 - -47. Calculate the remainder when k is divided by (2/6)/((-6)/y).
7
Let s be 66*1*20/5. Let u = -173 + s. Suppose -4*p - 3*z + 109 = 0, -3*p - p + 3*z = -u. What is the remainder when p is divided by 9?
7
Let j = -9 - -17. Calculate the remainder when 38 is divided by j.
6
Let q(p) = 2*p**2 - 6. Calculate the remainder when 23 is divided by q(-3).
11
Let i(c) = 3*c**3 + 4*c. Calculate the remainder when i(3) is divided by 24.
21
Suppose -6*l = -3*l - 51. What is the remainder when l is divided by 4?
1
Suppose 0 = -3*s - 5*w - 85, s + w = -3*w - 19. Let j be 2/7 + (-130)/s. Suppose -j*r - 250 = -9*r. Calculate the remainder when r is divided by 17.
16
Suppose 3 = b + d + 3*d, 5*d + 43 = 3*b. What is the remainder when 41 is divided by b?
8
Suppose 0 = -4*t + 4*x + 8, 3*t = 4*x - 0*x + 1. What is the remainder when ((15 - 2) + 0)*2 is divided by t?
5
Let d be 5 - 3 - (-2)/1. Suppose -3*r + 52 + 14 = 0. Suppose 2*b = -d*t + 4*b + r, 5*b - 29 = -2*t. What is the remainder when 12 is divided by t?
5
Let t(n) be the second derivative of n**4/12 - n**3/6 + 15*n**2/2 + 2*n. Calculate the remainder when t(0) is divided by 8.
7
Suppose 2*g - 6*g = -r - 230, 0 = g + r - 60. What is the remainder when g is divided by 10?
8
Let i be 8/10*(-25)/2. Let y be 136/20 + (-2)/i. Let g = 14 - y. What is the remainder when 18 is divided by g?
4
Suppose 0 = -0*s + 2*s. Let o(u) = -u**3 + 15. Calculate the remainder when o(s) is divided by 9.
6
Suppose 5*d - 330 = 5*n, 5*d + 2*n = 3*n + 334. Let t = d + -28. What is the remainder when t is divided by 20?
19
What is the remainder when 85 is divided by -3 + (-3 - -2) - -33?
27
Let l be (6/(-3))/(-1)*2. Let d = -2 + l. Suppose -5*y + 1 = -9, -d*z + 5*y + 16 = 0. What is the remainder when 25 is divided by z?
12
Suppose 0 = -5*o - 0*o + 35. What is the remainder when o is divided by 4?
3
Suppose -89 - 24 = -4*d + 3*j, 5*d = j + 133. Calculate the remainder when 127 is divided by d.
23
Suppose 0 = -4*g - 3*i + 82, 5*g + i - 97 = -0*g. Calculate the remainder when 75 is divided by g.
18
Let g(l) = -l + 4*l - 4*l + 7 - 1. What is the remainder when 75 is divided by g(-13)?
18
What is the remainder when (-42)/6*30/(-21) is divided by 2?
0
Suppose 3*m + 8 + 6 = p, 2*p + 5*m = 39. Let v be p - (2 - 3/1). Let r = v + -13. Calculate the remainder when 7 is divided by r.
2
Let z be (-5 + 4)/((-1)/34). Let k = z - -18. Let m = 39 - 21. Calculate the remainder when k is 